 Let g be (3/2)/((-6)/(-20)). What is the greatest common factor of r and g?
1
Let m(b) = b**3 - 9*b**2 - 9*b - 7. Let t be m(10). Calculate the highest common divisor of t and 21.
3
Suppose 101 + 97 = 2*t. Let s be (6/(-39))/1 + 357/39. What is the greatest common divisor of s and t?
9
Let b(j) = -j**3 + 2*j**2 + j - 8. Let l be b(-4). What is the greatest common factor of 21 and l?
21
Let d(l) = l**2 + 10*l. Let g be d(-11). Suppose 4*q - 5*v = -g + 50, 2*q - 27 = v. Suppose -n = n - q. What is the greatest common divisor of 16 and n?
8
Suppose 0*g + g = 12. Let f(r) = -r**2 + 8*r + 5. Let d be f(7). Calculate the highest common factor of g and d.
12
Suppose -16*n = -17*n - 40. Let v = 58 - n. Calculate the greatest common factor of v and 14.
14
Let k = 29 + -19. Suppose 3*y + 0 = 6. Let s be y*(-1)/1 + 7. What is the greatest common factor of k and s?
5
Let g(x) = 2*x**3 - x**2 - 6*x + 3. Let z be g(3). Calculate the highest common factor of 6 and z.
6
Suppose -71 + 7 = -4*g. Let d = 26 - g. Calculate the greatest common divisor of d and 10.
10
Suppose 0 = 5*l, -8*q + 3*q - 5*l + 150 = 0. Suppose -2*u - u = -q. Let j be 21 - 0 - (-2)/(-2). Calculate the highest common factor of u and j.
10
Suppose -150 = -5*i + 3*o, 2*i = i + 4*o + 47. Calculate the highest common divisor of i and 135.
27
Let w = 17 - 15. What is the highest common divisor of w and 3?
1
Let n(m) = m**2 - 1. Let v be n(3). Let z(l) = -14 - 4*l**2 - 6*l + 5*l**2 + 13. Let r be z(v). What is the greatest common factor of r and 105?
15
Let x(u) = -6*u - 31. Let z be x(-16). Calculate the highest common divisor of 13 and z.
13
Suppose -3 = -0*r - r. Let y = 14 + -8. Calculate the greatest common factor of r and y.
3
Suppose -g - 2*k + 26 = 0, -g + k - 4*k = -21. Suppose -58 = 4*d - 202. Suppose b + d = 4*b. What is the highest common factor of b and g?
12
Suppose 0 = 12*b - 45 - 291. Calculate the highest common divisor of b and 7.
7
Let v(j) be the second derivative of j**5/10 - j**4/6 + j**3/3 + 2*j**2 + 4*j. Let i be v(4). What is the greatest common divisor of i and 12?
12
Suppose 0*f + 5*f - 780 = 0. Let i = f - 111. Let l be (2/(-6))/((-5)/75). What is the greatest common factor of i and l?
5
Let v = 27 + -18. What is the greatest common divisor of 18 and v?
9
Suppose -4*n - 3*f = -275, 0*n = 2*n - 5*f - 105. Suppose -4*d - 42 = -2*s, -2*d + 4*d + 8 = 0. What is the highest common factor of s and n?
13
Let i be 4/6 + (-560)/(-24). Suppose v + 2*v = -5*f + i, 2*f - 9 = -v. What is the greatest common divisor of 24 and v?
3
Let x = 609 - 1319. Let c = x + 1002. Let m be (-1)/3 + c/12. What is the greatest common factor of 8 and m?
8
Suppose 4*q = 3*q + 7. What is the highest common factor of q and 77?
7
Let b(k) = k**3 + 6*k**2 - 9*k + 10. Let s be b(-7). Calculate the highest common factor of s and 8.
8
Suppose 0 = 2*v - 2*b - 12, 4 - 16 = -4*v - 2*b. Suppose 2*d = -m - 5, -m - 4 = 3*d + v. Calculate the greatest common divisor of 7 and m.
1
Let d be -3*((-53)/(-3) + -1). Let j = 76 + d. Suppose 5*b = b + 104. What is the greatest common factor of j and b?
26
Let u = 342 - 320. Let h = 6 - 4. Calculate the greatest common factor of u and h.
2
Let s(t) = -t**2 - 14*t + 2. Let m be s(-14). Suppose 0 = -4*g + 3*d + 35, -6*d + d - 25 = 0. Calculate the highest common factor of m and g.
1
Let y(h) = 190*h. Let s be y(1). Suppose t + 100 = 2*c - 3*t, 5*c = -5*t + s. Calculate the highest common factor of 14 and c.
14
Let z(b) = -b**2 - 13*b - 3. Let u(l) = -l**2 + 13*l + 21. Let s be u(15). Let t be z(s). What is the greatest common factor of t and 22?
11
Let i(g) = g**3 - 6*g**2 + 3*g - 3. Let k be i(6). Let j be (29 + -9)/(4/6). What is the greatest common divisor of j and k?
15
Suppose -5*z + 37 - 12 = 0. Let t(n) = -n**2 + 4*n + 7. Let h be t(z). Let c be (-4)/(-8)*64/h. What is the highest common divisor of c and 16?
16
Let m(v) = -v**2 - 9*v - 9. Let z(l) = 3*l + l - 2*l**2 + 5 - 3*l + l**2. Let t be z(4). Let p be m(t). What is the highest common divisor of p and 25?
5
Let h be 4/(-10) + 1356/15. What is the greatest common factor of 36 and h?
18
Suppose 3*v - 3*t - 55 = 2*t, 5*t - 5 = -v. Suppose 0 = 3*y + v, 3 = -3*u - 0*y - 3*y. Let k = 4 + 0. What is the greatest common divisor of k and u?
4
Suppose 0 = 2*k - 0*k - 6. Suppose k*v + 39 = 5*n, 2*v = -n - 3*v - 9. Let c be 2 - 0/((-2)/1). What is the greatest common factor of c and n?
2
Let w = 71 + -51. Let j(r) = -r**2 + 11*r - 7. Let f be j(11). Let i be -1*(2 + 0 + f). What is the greatest common divisor of w and i?
5
Suppose -38 = -a - 8. Calculate the highest common divisor of 30 and a.
30
Let r = -119 + 449. Calculate the greatest common divisor of r and 30.
30
Let t = 15 + -9. Let o(r) = 2*r**3 - 8*r**2 - 7*r + 8. Let m be o(t). Calculate the greatest common factor of 44 and m.
22
Let l(v) = 25*v**2 - 1. Let y be l(-1). What is the highest common divisor of y and 120?
24
Suppose 0 = 2*p + p + 93. Let b = p - -51. Calculate the greatest common factor of 5 and b.
5
Let w(u) = -6*u. Let r be w(-4). Suppose -12 = -18*z + 17*z. Calculate the highest common divisor of z and r.
12
Suppose 11*a - 12 = 10*a. What is the greatest common factor of 108 and a?
12
Let y be 9/(-2)*(-4)/6. Let o be -4 + 7 - 2/1. What is the greatest common factor of y and o?
1
Suppose n - 63 = -2*n. Let y(j) = j + 7. Let z be y(-7). Let m = z + 3. What is the highest common factor of n and m?
3
Suppose 2*o = -3*r + 42, -o = -2*r + 5*r - 39. Let j = -723 - -727. Calculate the greatest common factor of r and j.
4
Let a be 6756/8*4/(-3). Let n be a/3 + (-3)/(-9). Let w = -258 - n. What is the greatest common divisor of w and 13?
13
Suppose -20 = -2*a + 2*w, -2*w = -a + 9 - 1. What is the greatest common factor of a and 2?
2
Let i be ((-38)/4)/((-1)/4). Let n = 75 - i. Suppose 3*o = -o + 12, -4*q = -o - n. What is the greatest common factor of q and 70?
10
Let o = -19 - -29. Suppose -7*b + 481 - 131 = 0. What is the greatest common factor of b and o?
10
Suppose s + 348 = v, 3*v + 3*s - 1052 = 2*s. Calculate the highest common factor of v and 35.
35
Suppose 7*s = 9*s - 20. What is the highest common factor of 80 and s?
10
Let h = 152 + -101. Calculate the highest common factor of 34 and h.
17
Suppose 4*b - 1147 = -267. Let u(i) = 11*i - 2. Let q be u(2). Let o be (0/2)/1 + q. What is the highest common divisor of o and b?
20
Suppose 120 = 4*c - 2*c. Suppose 3*y = -y + 4. Let h be y + (1 - -10) + 0. What is the highest common divisor of c and h?
12
Let p(x) = -x**3 + 9*x + 13. Let d be p(-2). Let r(y) = -6*y + 3. Let t be r(-4). What is the greatest common divisor of d and t?
3
Let s(v) be the second derivative of 1/2*v**2 + 4*v + 5/3*v**4 + 1/3*v**3 + 0. Let g be s(2). Calculate the greatest common factor of g and 17.
17
Let d be (-76)/494 - (145/(-13) + -1). Let o be 6 - (-1 + 1)*1. What is the highest common divisor of d and o?
6
Let r = 62 - 46. Calculate the highest common divisor of 1 and r.
1
Let z(g) = 5*g**2 + 2*g + 1. Let h be z(-1). Let p be 18/4*h/3. Suppose 0 = -2*q - 1 + 5. Calculate the highest common divisor of p and q.
2
Let i(j) = 3*j - 5. Let s be i(4). Let o(x) = -x**3 - 6*x**2 - 10*x - 3. Let c be o(-2). What is the greatest common divisor of c and s?
1
Let d(w) = 2*w**2 - 8*w - 2. Let y be d(7). Suppose s = -4*s + y. What is the greatest common factor of s and 12?
4
Suppose -k + 0*k = -2. Suppose -k*j - 4*z = -4*j + 12, 0 = -j + 3*z + 5. What is the greatest common factor of 64 and j?
8
Let f(j) = -j**2 + 6*j - 4. Let q be f(5). Let z be 15/(-10)*(-8)/6. What is the highest common divisor of q and z?
1
Let h(v) = 2*v + 2. Let u be h(-2). Suppose -5*p = 3*r - 0*r - 5, 2*p = 3*r - 19. Let l be (1 - (5 + p))*u. Calculate the highest common factor of l and 12.
4
Let d = -74 + 116. Calculate the highest common factor of 6 and d.
6
Let r(d) = d**2 - d + 45. Let a be r(0). What is the greatest common factor of 30 and a?
15
Let x be 12 + 21 - -4*(-1 - -2). What is the highest common divisor of x and 222?
37
Let h = -76 - -138. Calculate the greatest common divisor of 155 and h.
31
Let k be (0 + 0 - 1) + 7. Let a(o) = -2*o - 3*o + o**2 + 4*o + 2. Let f be a(k). Calculate the greatest common factor of f and 4.
4
Let f be (-44)/(-5) + 4